3*t = -p - 26. Suppose -t*a - 2115 = -180. Calculate the remainder when (a/(-15))/(6/18) is divided by 22.
21
Calculate the remainder when 418560/512*2/3 is divided by 43.
29
Let g = -122 - -12923. What is the remainder when g is divided by 173?
172
Suppose -4*y - 8 = -4*z, 0 = 3*y + 2*y - 10. Suppose -121 = -m + 2*l, -z*m - 2*l + 502 = -4*l. Calculate the remainder when m is divided by 8.
7
Suppose 4*n + 98 = -94. What is the remainder when 169 is divided by (66/(-24))/(-2 + (-93)/n)?
37
Let f = 41708 - 37287. What is the remainder when 13275 is divided by f?
12
Let b = 306 - 207. Let f be (-75)/(9/54*9). Let h = f + b. What is the remainder when h is divided by 5?
4
Let t(s) = s**3 + 11*s**2 + 12*s + 1. Let h be t(-6). Let n = 81 + h. Suppose -n = 3*q - 5*q. Calculate the remainder when q is divided by 14.
11
Let q = 383 - 377. What is the remainder when 87 is divided by 11/(-33) + 1 + 170/q?
0
Suppose -14*f + 4871 + 5333 - 2672 = 0. What is the remainder when f is divided by 136?
130
Let d = 120 - 14. Let k = d + -75. What is the remainder when k is divided by -2 + (-2)/(-4)*44?
11
Suppose 9 = -2*n - 29. Let j = 44 + n. What is the remainder when j is divided by 11?
3
What is the remainder when 171 + 1/4*(-37 + -7) is divided by 52 + 0 + 5 + -3?
52
Suppose -3*p + 28 = -8. Let v(r) = -r**2 + 58*r + 1343. Calculate the remainder when v(58) is divided by p.
11
Let l(q) = 43*q + 59. Let t be l(35). Let d = t - 1529. Let j = 6 + 7. What is the remainder when d is divided by j?
9
Let j(t) = 2*t**2 + 9*t - 21. Suppose 1 = -r + 4. Suppose -4*a - r*d = -839, 169 = 4*a - d - 666. What is the remainder when a is divided by j(-8)?
34
Let y(p) = -p**3 + 17*p**2 - 16*p - 37. Let i be y(16). Let s = i + 31. What is the remainder when (2124/15)/s*-5 is divided by 30?
28
Suppose -5*b - 2*z = -1126, -z + 3 + 0 = 0. Suppose -4*w - b = -2*r - 2*w, 4*r + 3*w = 462. Let c = 300 + -271. What is the remainder when r is divided by c?
27
Suppose -11*r + 4 = -9*r. Suppose -3*d + 81 = 5*o, 3*o + r*o = -5*d + 125. Suppose -4*m = -10*m + 78. Calculate the remainder when d is divided by m.
9
Let v(b) = b - 1. Let o = 5 + -2. Let q be v(o). Let s(g) = 12*g + 7. What is the remainder when s(q) is divided by 16?
15
Suppose 14*h - 497 - 819 = -714. Let g = -1 + 4. Suppose 228 = g*q - 153. What is the remainder when q is divided by h?
41
Let k(v) = -v**2 + 7*v - 7. Let w = 87 + -45. What is the remainder when w is divided by k(4)?
2
Let u(i) = -i**3 + 7*i**2 + i + 5. Suppose -4 = -5*p + 4*p - x, -4*x - 33 = -3*p. What is the remainder when u(p) is divided by 3?
0
Let m(a) = a**2 - 3*a + 4. Let t = -91 + 153. Suppose 0 = 4*g - t + 42. What is the remainder when m(6) is divided by g?
2
Let d = -158 + 288. Suppose 481*j = 473*j. Suppose j = 3*f + 8*r - 5*r - 126, 124 = 3*f + 4*r. Calculate the remainder when d is divided by f.
42
Let f be (-39)/6*(0 + 36/(-117)). What is the remainder when 248 is divided by (-83)/(-2)*f - 0?
82
Let y be 10/(2 + -1)*(-9)/18. What is the remainder when 26 is divided by (-45)/6*(-1 + y + 4)?
11
Calculate the remainder when 7742 is divided by (-2)/((-102)/(-612)*3/(-11)).
42
Let p = 177 - -478. Let l = p + -648. What is the remainder when 54 is divided by l?
5
Let z = -2756 + 2761. Let v = 1 - -3. Suppose -57 = l - v*l. Calculate the remainder when l is divided by z.
4
Let f = -165 + 318. Let l be 13 + (4/(-8))/(2/16). Calculate the remainder when f is divided by ((-1)/3 - (-219)/l) + 2.
23
Suppose -3*c - 3*j + 65 = -2*j, -2*c + 5*j = -49. Calculate the remainder when 835 is divided by c.
21
Let j = -435 - -441. Let b be 8/(-5) + (-4)/10. Calculate the remainder when 25 is divided by 18/j + (1 + b)*-1.
1
Let p(w) = 100*w**2 - w - 11. What is the remainder when 331 is divided by p(1)?
67
Suppose -113*n - 3*g + 483 = -112*n, -n + 481 = 2*g. What is the remainder when n is divided by 60?
57
Let x(d) = -d**3 - 15*d**2 - 18*d - 33. Let f(q) = q**3 + 8*q**2 + 8*q + 50. Let y be f(-8). Calculate the remainder when 38 is divided by x(y).
15
Let h be 1/5 - (-56)/20. Suppose -2*o - 478 = -4*p, h*o = 4*p + 147 - 620. Let n = 177 - p. Calculate the remainder when n is divided by 19.
17
What is the remainder when 616 is divided by (-784)/(-20) - (9/90 - (-5)/50)?
31
Let x = -6660 - -9311. What is the remainder when x is divided by 59?
55
Suppose 422*y = 419*y + 7422. Calculate the remainder when y is divided by 73.
65
Let c(d) = -28*d - 25*d + 11 - 54 - 30*d**2 + 28*d + d**3. What is the remainder when c(31) is divided by 29?
27
Let c = 5846 - 5556. What is the remainder when c is divided by 26?
4
Let w(t) = -t**3 + 16*t**2 + 8*t + 147. Calculate the remainder when w(13) is divided by 33.
32
Let a = 230808 - 230786. Let z(r) = 3*r**2 + 2*r - 5. What is the remainder when z(-5) is divided by a?
16
Suppose -2*g - 1 = 5*k + 18, -g + 13 = -2*k. Suppose -g*v = -24 + 6. Suppose 0 = 5*m + 15, l - 8 = -3*m + v. Calculate the remainder when 84 is divided by l.
15
Calculate the remainder when 1028 is divided by ((-252)/(-30) + 6)*85/51.
20
Suppose -269 = -3*q + 2*q. Let w = -220 + q. What is the remainder when w is divided by 8/(-12)*3*-5?
9
Let b be 27/12 + ((-135)/(-36) - 4). Suppose b*l = y + 3*y + 148, 3*l = 5*y + 222. Calculate the remainder when l is divided by 13.
9
Let k(r) = -26*r - 560. Let f be k(-35). Let b = 140 - 62. What is the remainder when b is divided by f/42*(-12)/(-5)?
18
Suppose -7*u = 8 - 43. What is the remainder when (-2)/u - (2 + 974/(-10)) is divided by 27?
14
Let j(f) = -20*f**3 - 2*f**2 - 5*f - 2. Suppose 3*i - p + 4 - 3 = 0, -5*p = -3*i + 19. What is the remainder when j(-2) is divided by (9*-1)/(-1)*(i - -5)?
25
Let q = -9665 - -9673. What is the remainder when 600 is divided by q?
0
Let d(q) = -41*q + 1557. Calculate the remainder when d(35) is divided by 56.
10
Let u = -412 - -767. Calculate the remainder when u is divided by 151.
53
Let b = -14546 + 14582. What is the remainder when 119 is divided by b?
11
Let d(o) = -76*o**2 + o - 1. Let p be d(-1). Let b be (-40)/(-60)*p/(-4). What is the remainder when (b/3)/((-8)/(-288)) is divided by 32?
28
Let b(z) = 2*z**3 + 9*z**2 + 4*z - 10. Let i(t) = -t**3 + 10*t**2 - 10*t + 8. Let l be i(9). Calculate the remainder when b(-3) is divided by -1*(l - -2) + 3.
1
Let z = 8214 + -8107. What is the remainder when 11874 is divided by z?
104
Let x(g) = -3*g + 1. Suppose 10*c + 4*p = 7*c + 76, p - 64 = -3*c. Let l = c - -3. What is the remainder when l is divided by x(-5)?
7
Let v(p) = -1050*p + 9638. What is the remainder when v(9) is divided by 155?
33
Let b = -86 - -130. Let w(n) = -n**3 + 25*n**2 - 46*n + 4. What is the remainder when b is divided by w(23)?
0
Let a(k) = -k**2 - 61*k - 727. What is the remainder when 470 is divided by a(-20)?
5
Suppose 28*i - 25*i - 132 = 0. What is the remainder when (-54 + 0)/(15/(-195)) is divided by i?
42
Let x(t) = 5*t**2 - 25*t - 125. Let f be x(-4). Suppose 0 = 5*g - 0*g - f. What is the remainder when 141 is divided by g?
9
Suppose 77*m = -4*m + 2025. Calculate the remainder when 289 is divided by m.
14
Let f = 442 + -426. Calculate the remainder when 1234 is divided by f.
2
Suppose 40*q - 989 - 2051 = 0. What is the remainder when 60 is divided by q/(-8)*(-3 - -1)?
3
Let u = -145 - -29. Let p = -8 - u. Suppose -5*n + n = -p. Calculate the remainder when n is divided by 15.
12
Suppose -3*u + 13*u = 11*u - 1367. Calculate the remainder when u is divided by 38.
37
Let g = -35 + 49. Let l(b) = -4*b**3 + 4*b**2 + 3*b + 4. Let j be l(3). Let u = -32 - j. Calculate the remainder when u is divided by g.
13
Let i = 178 - 104. Let w = i - 27. What is the remainder when w is divided by -2 - 14/(-4)*(-6)/(-1)?
9
Let u = -13172 - -13250. What is the remainder when 193 is divided by u?
37
Suppose -2*r + 3*n = -0*r + 9, 5*n - 15 = 0. Suppose r = 6*k - 98 - 10. Calculate the remainder when 35 is divided by k.
17
Calculate the remainder when 211 is divided by -361*(-8 + (-1050)/(-133)).
21
Let t(k) = -9*k**2 + 133*k + 164. What is the remainder when 12059 is divided by t(15)?
133
Let k(h) = -h**2 - 8*h + 13. Let n be k(-12). What is the remainder when 80 is divided by (-728)/n + 4/20?
17
Suppose 36 = -14*c + 106. Suppose -c*y - 68 = -q, -62 = -q + 3*y + 4. Calculate the